27*a**2/2 + 30*a - 9. Give k(30).
-3
Let m(r) = 3*r + 16. Let w be m(-4). Let k(c) = -w*c - 18 + 20 + 2*c. Determine k(2).
-2
Let s(p) = -p**2 + 7*p - 7. Let o = 17 + -12. Calculate s(o).
3
Let f(u) = 2*u + 7. Suppose 50 = -15*k - 40. Determine f(k).
-5
Let g(r) = -4*r - 11*r + 10*r - 2. Let p(i) = i - 1. Let v(h) = -g(h) - 4*p(h). Calculate v(0).
6
Let k be ((-72)/(-16))/((-6)/(-16)). Let r(m) = m**3 + 7 - 18 + k. Calculate r(1).
2
Let k(u) = u + 6. Let a = 3043 - 3050. Calculate k(a).
-1
Let q(u) = -3*u + 8. Let n = -14 + 5. Suppose 1 = 2*m + 3*y, -5*y - 1 + 0 = 2*m. Let a(w) = -13*w + 33. Let i(l) = m*a(l) + n*q(l). What is i(6)?
0
Let p = -83 + 52. Let g = -13 - p. Let v(i) = 4*i - 1. Let j(q) = q. Let m(k) = g*j(k) - 4*v(k). Calculate m(5).
14
Let m(i) = 3*i - 7. Let h be m(1). Let g(a) = a**3 + 3*a**2 - 3*a + 3. Determine g(h).
-1
Let b(g) = 4*g + 3. Let y(f) = 4*f + 3. Let v be (18/4 + -2)*(-16)/(-20). Let a(i) = v*b(i) - 3*y(i). Give a(-7).
25
Let h(m) be the second derivative of m**3/6 + m**2 - m. Suppose 10 - 18 = -4*v. What is h(v)?
4
Let g(h) = 592*h - 1199*h - 9 + 603*h. Give g(-7).
19
Let f be 44/(-8) + (-3)/(-6). Let b(r) = r - 3*r - 4*r - 2*r**2 - 2*r - 6. Determine b(f).
-16
Let q = 448 - 457. Let z(i) = i**3 + 8*i**2 - 12*i - 14. Give z(q).
13
Let y(o) be the first derivative of o**4/4 - 4*o**3/3 - 7*o**2/2 + 5*o - 315. Calculate y(6).
35
Let q = -3 + 9. Suppose -5*v = 3*d - 15, 5*v - 6 = 3*d + 3*v. Suppose -3*c + m - 7 = 0, d = 4*c + q*m - m + 41. Let b(p) = -p**2 - 7*p - 6. Determine b(c).
6
Let s(q) be the second derivative of 0 + q**2 + 4*q - 1/6*q**3. Calculate s(-3).
5
Let j(u) = u - 3 + 23 + 3*u - 14. Let c be 63/(-15) - 16/20. Determine j(c).
-14
Let f(u) be the first derivative of -4*u**3/3 - 5*u**2/2 + 2*u + 131. Determine f(-2).
-4
Suppose 344 - 329 = -3*z. Let r(k) = -k**3 - 6*k**2 - 3*k + 7. What is r(z)?
-3
Let b(x) = -2*x**3 - 2*x**2 - 2*x**2 + x**2. Let m be b(-2). Suppose 3*t = -2*h + 1, 3 = 3*t - m*t. Let j(a) = a**3 - 5*a**2 + 2*a - 1. What is j(h)?
9
Let g be (-2)/6*(-62 + 50). Let n(q) = -2*q**2 + 5*q + 1. What is n(g)?
-11
Let g = 564 - 556. Let r(i) = 2*i - 14. What is r(g)?
2
Let v(l) = -2*l**2 - 1. Let k be v(1). Let d = 4 - k. Let m(x) = 4*x + d*x**2 - 2 - 4*x - 6*x**2. What is m(0)?
-2
Suppose -4 = -x + 1. Let r(j) be the third derivative of -24*j**2 - 1/4*j**4 + j**3 + 0 + 1/60*j**5 + 0*j. Determine r(x).
1
Suppose 2*j = 5*a - 30, -j = a + 4*j - 6. Let i be 7 + -2 - (1 + 0). Let q(u) = 5 - 3*u + i*u - 2*u. Calculate q(a).
-1
Let y(v) = -v - 2*v**2 + 5*v**2 + 79*v**3 + 76*v**3 + 3 - 154*v**3. What is y(-2)?
9
Let m be (-1)/7 + (-105)/(-49). Let w(o) = 21*o + o**m - 10*o - 1 - 13*o. Let l(h) = -2*h - 4. Let k be l(-3). Determine w(k).
-1
Let x be (-1 + -59)*(-1)/((-20)/(-8)). Suppose -k - x = -4*k. Let u(n) = -n**2 + 8*n - 3. Give u(k).
-3
Let c(x) be the third derivative of x**6/120 - x**5/60 - x**4/8 - x**3/2 - x**2. Let o = 26 - 6. Suppose -2*y = -3*l - 9, 5*y - 5*l - o = -0. What is c(y)?
6
Suppose 3 = -p + 5*i, 4*p - 3*i - 7 = -p. Let n(q) = 4*q**2 - 5*q - q - 6*q**2 - 7 + q**p. Calculate n(-5).
-2
Let g(k) = k**2 - 5. Suppose 86*q + 56 = -202. Give g(q).
4
Let v(w) = -3*w**3 + 2*w**2 - 3*w + 2. Let l = 54 - 53. What is v(l)?
-2
Let j(g) = -g + 0*g - 1 + 16 + g**3. Let a be (-2)/(-10) + (-9)/45. Give j(a).
15
Let v(z) = z**2 + 11*z + 43. Let g be v(-7). Let t(w) = -w**3 + 22*w**2 - 9*w + 5 - g*w**2 + 2. Determine t(6).
-11
Let z(o) be the second derivative of o**5/20 - o**4/3 + 2*o**3/3 - 11*o**2/2 + 5*o. Let f be z(4). Let s(c) = -c**2 + 4*c + 4. What is s(f)?
-1
Suppose -3*o = v + 2*v, -2*v + 5*o + 7 = 0. Suppose 5*p + 0*p = -5*c + 5, 3*p = 4*c - 11. Let a(n) = -1 + 0*n - c*n - 1 + 1. What is a(v)?
-3
Let w(d) = -d**3 - 3373 + 5*d**2 + 2*d + 1688 + 1681. Determine w(4).
20
Let u(z) = 2 - 3 - 1 - z + 4. What is u(3)?
-1
Let y(k) = -9*k**3 + 2*k**2 - 1. Suppose 0 = -21*u + 33 - 12. Give y(u).
-8
Let m(a) be the first derivative of 5*a**2/2 - 33*a - 82. What is m(8)?
7
Let z(y) = -7*y + 27. Let s(q) = -9*q + 49. Let c(u) = 8*u - 48. Let l(w) = -4*c(w) - 5*s(w). Let m(g) = 6*l(g) + 11*z(g). What is m(0)?
-21
Suppose 5*r = 3*i + 16, -5*i + 2*r + 4 = -1. Suppose -1 = d - i. Let o(y) = 3 - 2*y - d - 2. Give o(3).
-7
Let f(a) = -3 - a + 14*a - 12*a. What is f(-8)?
-11
Let p(w) = 3*w + 2 - 4 - 5*w. Let i(g) = g + 1. Let o(f) = 3*i(f) + p(f). What is o(7)?
8
Let o(r) = r**2 + r - 1. Let d(v) = -4*v**2 + 3*v - 3. Let m(h) = -d(h) - 3*o(h). Let j = 307 - 303. Give m(j).
-2
Let m = 48 + 6. Suppose -3*c + m = 36. Let u(i) = 4*i - 5. Determine u(c).
19
Let x be (2 - 2) + 4 + 0/2. Let q be 88/10 + (-2)/(-10) - x. Let t(n) = n - 4. Determine t(q).
1
Let t(p) = 4*p**3 - p**2 + 6*p + 3. Let g(l) = 15*l + 7 - 60*l**3 - l + 69*l**3 + 0 - 2*l**2. Let y(z) = -2*g(z) + 5*t(z). Calculate y(2).
17
Let m = 20 - 23. Let g(r) = r**3 + r**2 - 3*r - 1. What is g(m)?
-10
Let q(z) = -z**3 - 7*z**2 - 6*z + 2. Let p be q(-6). Let y(i) = i + 3*i - 3*i - 7*i**p. Suppose 8*m = 12*m + 4. Give y(m).
-8
Suppose -t - 50 = 4*k, -t + 67 = -3*k + 26. Let i(u) = u**2 + 14*u + 15. Give i(k).
2
Let o(h) be the first derivative of -h**4/4 + 8*h**3/3 - 9*h + 286. Determine o(8).
-9
Let v(s) = s**2 - 5*s - 13. Let k(w) = 2*w**3 - w - 4. Let l be k(0). Calculate v(l).
23
Let i(g) = -5*g - 3. Let f be i(-2). Let u(p) = 6*p - 5*p + p - f. Suppose 0 = 2*q + 4*h - 28, 4*q + 0*h = -2*h + 32. Calculate u(q).
5
Let k(u) = -u + 3. Let q be 2/(-3)*306/(-4). Suppose 5*y = 3*n + q, -y - n = y - 27. Let o = y + -15. Calculate k(o).
6
Suppose 3*t = 4*t - 3*o - 15, 2*t - 3*o - 27 = 0. Let s = t - 17. Let w(l) = -l**2 - 8*l - 6. What is w(s)?
9
Let d(o) = -o**2 + 6*o + 12. Suppose 16*y - 56 = 8*y. What is d(y)?
5
Let b(x) = -x**3 - 3*x**2 + 4*x + 5. Suppose -7*m + m + 48 = 0. Suppose z - 2*z + 12 = -4*r, 5*r + m = 3*z. Determine b(r).
5
Let q be (28/(-6))/(62/(-93)). Let y(l) = l**2 - 12*l + 22*l - 15*l - 10. Determine y(q).
4
Let t(o) = -o**2 + 4*o + 5. Let z(l) = -l**2 + 7*l + 5 - 7*l + 3*l. Let y(p) = -3*t(p) + 4*z(p). Suppose -k + g + 19 = 4*g, -g = 4*k - 21. Give y(k).
-11
Let x(b) be the third derivative of -b**6/120 + b**5/10 + b**4/4 + 7*b**3/6 - b**2. Let t(c) = -2*c**2 - 15*c. Let z be t(-7). What is x(z)?
0
Let z(j) = j**3 - 4 - 2*j**2 + 11 + 0*j - 5*j + 7*j**2. Let h be z(-6). Let b(k) = 36*k + 2 + 4 - 37*k - h. What is b(5)?
0
Let i(z) = -6*z**2 + 18*z**3 + 12*z**2 - 5 - 11*z**2 - 17*z**3 + 7*z. Let g be i(3). Let x(q) = 6*q + 1. What is x(g)?
-11
Let w(x) = -2*x**2 + 3*x. Let h be w(2). Let f(z) = 5*z**2 - 3*z + 1. Let v(i) = i**3 - 22*i**2 + 18*i - 5. Let m(a) = 5*f(a) + v(a). Determine m(h).
-2
Let j = 15 + -11. Suppose j*p - 2 = 5*n, 3*p - 16 = -4*n + 1. Let v(z) = -p - 2*z + z + 0*z. Calculate v(-5).
2
Let y(z) = -200*z + 4 + 201*z - 1. Let k(w) = w**3 - 4*w**2 - 4*w - 2. Let f be k(5). Let a(n) = n - 5. Let l be a(f). What is y(l)?
1
Let t(r) = 8*r**3 + 16*r**2 - 10*r + 10. Let b(l) = 3*l**3 + 5*l**2 - 3*l + 3. Let w(o) = 10*b(o) - 3*t(o). Determine w(-2).
-40
Let x(a) = -a**2 - a + 1. Let f be x(2). Let r(p) = -4*p - 20. Let z(v) = -v - 6. Let u(b) = 2*r(b) - 7*z(b). Calculate u(f).
7
Let f(a) = -2*a - 9. Let c be f(-7). Let j(n) = -105*n**2 - 120*n**2 + 227*n**2 - 2 - 6*n. Determine j(c).
18
Let u(p) = 5*p**2 + 3*p - 3. Suppose g + 11 = 3*h, h + 2*g + 0 = -8. Determine u(h).
23
Let g(v) = v**3 - 8*v**2 - 2*v + 26. Let f = -1575 + 1583. Determine g(f).
10
Let g(v) = -v**3 + v**2 + 9. Suppose 27 - 5 = -2*m. Let y(u) = u**3 + 2*u**2 - 4*u + 5. Let n be y(-4). Let x = m - n. What is g(x)?
9
Let g(d) = d**2 + 8*d - 6. Suppose -3*h - 12 + 0 = 2*l, 0 = -l + h - 11. Give g(l).
3
Let d be 3/1 + -3 - 0. Let o(y) be the third derivative of 0*y**4 - 4*y**2 + 0 + 0*y - 7/6*y**3 + 1/120*y**6 + 0*y**5. What is o(d)?
-7
Let x(v) = -2 + 8*v**2 + 8 - 8*v + 2 - v**3 + 0*v. Suppose -a - 5*o - 13 = -9*o, 5*a - 15 = 4*o. Determine x(a).
1
Suppose 18 = h - 4*u + 2, 5*u = -h - 11. Let n(r) = r**2 - 6*r + 4. Let t be n(h). Let l(y) = -y**3 - 6*y**2 - 2*y + 2. Calculate l(t).
-22
Let m = -30 - -33. Let g(c) = -28*c**3 + 63*c**3 + 2 - 5*c - 36*c**3 + m*c**2 + 0. Determine g(3).
-13
Let q(h) be the first derivative of -h**2/2 + 5*h - 1. Let x(n) = -n**3 + 10*n*